6.
9
Let n = -14 + 31. Suppose -n = -8*k + 7. What is the highest common factor of 15 and k?
3
Let y = 53 + 90. What is the greatest common divisor of y and 13?
13
Suppose x + i = 2*x - 10, 5*i + 38 = 3*x. Let a = 70 + -39. Let b = a - 7. Calculate the highest common divisor of x and b.
6
Let b = 267 + -174. What is the greatest common divisor of 31 and b?
31
Let b(r) = -r**2 + r - 6. Let k be b(-10). Let x = k - -186. Suppose -3*q = -95 - x. Calculate the highest common divisor of 22 and q.
11
Suppose -b + 138 = 39. Suppose 13*x + 33*x - 414 = 0. Calculate the greatest common divisor of x and b.
9
Let c(k) = 8*k + 15. Let a be c(6). Calculate the highest common factor of a and 21.
21
Suppose -4*f + 12 = 2*n, 47*f - 5 = 42*f. What is the greatest common factor of n and 160?
4
Let n(p) = 56*p - 28. Let c be n(3). Calculate the greatest common divisor of c and 245.
35
Let n be (-2)/10 + 3/(105/(-2933)). Let u = -60 - n. What is the highest common factor of 32 and u?
8
Let j be (-15)/(-35) + (-64)/(-14). Suppose a = j*a + 8. Let r be a/5 + 1566/15. Calculate the highest common factor of r and 26.
26
Let k be 17 - -42 - (0 + 6). What is the highest common factor of k and 371?
53
Let i be (-36)/(-8)*70/3. Let u(l) = l**2 - 3*l - 9. Let y be u(7). Suppose v = -5*w + y + 2, 5*v - 4*w = i. Calculate the highest common divisor of v and 3.
3
Suppose -6*w = -8*w + 16. Let q(c) = -2*c**2 - 6*c + 3. Let y be q(w). Let d = -118 - y. What is the highest common factor of 22 and d?
11
Let p(w) = -3*w**3 - 4*w**2 - 5*w + 3. Let j be p(-3). Suppose 5*u - 3*h = u + 34, -u - 2*h = -3. Calculate the greatest common factor of u and j.
7
Let a be (-68)/(-18) + 1 - (-8)/36. Let k be 2*-42*(-1)/2. Suppose 0 = -3*f + a*f - k. What is the highest common divisor of f and 3?
3
Let k(y) = 3*y**2 + 49*y + 236. Let w be k(-5). Let p = 116 - 83. What is the greatest common divisor of w and p?
33
Suppose 3 = 3*r - j, -5*j - 15 = -2*r - 2*r. Let f = 1 - 3. Let s be (-14)/(f - r)*2. What is the highest common factor of s and 70?
14
Let d(g) = -8*g + 337. Let z be d(38). Let r be 296 + -2*(-2)/4. What is the greatest common factor of r and z?
33
Let m(q) = -q**2 - 18*q - 17. Let b be m(-6). What is the greatest common factor of b and 5?
5
Let r be 1 - ((-2)/(-2) + 0). Suppose -b + r*b = -7. Let t = 31 - b. What is the highest common divisor of 3 and t?
3
Suppose -12 = -d - 2*n, 5*d - 3*n = n + 74. What is the greatest common factor of d and 280?
14
Suppose 0*q = 7*q - 28. Suppose 0*i - q*i = -80. What is the highest common divisor of 10 and i?
10
Let x be ((-4)/(3 - 2))/((-10)/(-25)). Let u be (-175)/(-2)*(-8)/x. What is the greatest common factor of u and 14?
14
Let f be (-26)/(24 - 21 - 154/50). Calculate the greatest common divisor of 130 and f.
65
Let v(r) = -r**3 + 10*r**2 + 27*r + 14. Let i be v(12). Suppose 13*o + i - 466 = 0. What is the greatest common factor of o and 8?
8
Suppose -4*a + 100 = 28. Suppose 71*r = 73*r - a. Let n = 41 + 58. What is the greatest common factor of n and r?
9
Let d(m) = m**2 - 12*m - 11. Let v be d(13). Suppose -v*a + 25 = -101. What is the highest common divisor of a and 21?
21
Suppose c - 5*c = -1224. Let p = c + -201. What is the greatest common divisor of 15 and p?
15
Suppose -2*c = -5*p + 300, c + 71 = 2*p - 49. Let d(a) = -9*a - 16. Let g = -67 + 63. Let y be d(g). Calculate the greatest common factor of p and y.
20
Let b be 6/(2 - 16/10). Calculate the greatest common divisor of 6 and b.
3
Let j be 7*-3*2*(-3)/9. What is the greatest common factor of 98 and j?
14
Let y be (-8)/(-6) - (-5609)/237. Suppose -4*g - g + 125 = 0. Calculate the greatest common factor of g and y.
25
Let n = 1 - -4. Let w be (-195)/(-26)*(1 - (-5)/3). Suppose -w = -5*x - 4*m, n*x + 3*m = -4 + 29. What is the greatest common divisor of 64 and x?
8
Let g(q) = -q**2 - 2*q + 5. Let s be g(-3). Let o be 5/s*-1*-2. Let c be 718/10 - (-1)/o. Calculate the highest common divisor of 9 and c.
9
Let d be (-3 - 42/(-10))/((-3)/20). Let w(p) = p + 22. Let r be w(d). Calculate the highest common factor of 14 and r.
14
Suppose 17 = -3*l + 7*l + x, -5*l = -2*x - 5. Suppose -398 = -l*r + 4*g, 15 + 10 = -5*g. What is the greatest common factor of r and 14?
14
Suppose -5*o + 9 + 1 = 0. Let r be 54/10 - o - (-12)/(-30). Calculate the highest common factor of 3 and r.
3
Let k = 30 - 27. Suppose -3*y + 2*y - 239 = -2*i, -4*i - k*y = -483. Let n be 51/1 - (2 + 1). Calculate the highest common factor of i and n.
24
Suppose -11*d - 306 = -17*d. Calculate the highest common divisor of 136 and d.
17
Let r be 109/(-7) + ((-16)/7)/(-4). Let c be 34/(2/(3 - r)). Calculate the greatest common divisor of c and 51.
51
Let g(s) = 2*s - 4. Let o be g(2). Suppose 25*p - 20*p - 80 = o. Suppose 0 = 4*a + 3*v - 247, -131 = -a - a + v. What is the greatest common factor of p and a?
16
Suppose 3*m = -4*s + 114, 3*s - 23 = 2*s + 2*m. Let l be 302/14 - 12/(-28). Let t = l - -32. Calculate the greatest common divisor of s and t.
27
Suppose 108 = 5*b + 18. Suppose b = 3*q - 42. What is the greatest common factor of q and 140?
20
Let g = -11 + 30. Let y(w) = -3*w**2 - 57*w - 131. Let c be y(-11). What is the greatest common divisor of c and g?
19
Let k be (-8)/(-3)*(-21)/(-14). Suppose 0 = 3*o, -k*j + 92 = 4*o + 28. What is the highest common divisor of 64 and j?
16
Let b be 8/(-8) + (-6)/(-2). Let u(s) = 2*s**3 + 2*s**2 - 2*s - 2. Let o be u(b). What is the greatest common divisor of 162 and o?
18
Let w(h) = h - 5. Let a be w(17). Let q be (7 + -5)/(-12) + 122/a. Suppose 0 = -4*u + 186 + 134. Calculate the highest common factor of q and u.
10
Suppose 89*n + 480 = 109*n. What is the greatest common factor of 60 and n?
12
Let g be 23 - (-1 + (0 - -4)). Let n = -5 + 145. Calculate the highest common divisor of g and n.
20
Let y(f) = 4*f**2 - 46*f + 62. Let i be y(13). What is the greatest common factor of 210 and i?
70
Suppose -4*a - 5*h = 1 - 43, -4*h = -a. Let u be a*11 - (0 + -2). Let p = 3868 + -3808. What is the highest common divisor of p and u?
30
Let y(u) = 1022*u**3 + 5*u**2 - u - 2. Let g be y(1). Calculate the highest common factor of g and 8.
8
Let d = 39 + -37. Let y(t) = -34*t**3 + 6 + 8*t**2 + d*t + 14*t**3 + 21*t**3. Let s be y(-6). What is the greatest common factor of s and 6?
6
Let l be (18/12)/(6/104). Let m = l + -24. Let o(y) = 2*y**2 - 2*y. Let j be o(m). What is the highest common factor of 4 and j?
4
Let l be (11 + (-253)/55)/((-6)/(-465)). Calculate the highest common factor of 186 and l.
62
Let q(p) = p**2 - 39*p - 150. Let k be q(-4). What is the greatest common divisor of k and 2662?
22
Let t = -438 - -440. Suppose d - 5*o - 14 = 10, -3*o - 10 = -5*d. Let h = d - -2. Calculate the highest common divisor of t and h.
1
Suppose -107*v + 28 = -105*v. Suppose 2*p + 3*p = -25. Let l = 12 + p. What is the highest common divisor of v and l?
7
Let o(u) = -u - 10. Let j be o(-12). Suppose -4*x = -x + 5*h - 68, -j*x = -3*h - 58. Calculate the greatest common divisor of 2 and x.
2
Suppose 2*k = -2*k + 64. Let u(n) = 3*n - 40. Let p be u(16). Calculate the highest common divisor of p and k.
8
Let f be -5*1*35/(-25). Let r(v) = 2*v**2 - 12*v + 13. Let j be r(f). Let y = 16 - -2. Calculate the greatest common divisor of j and y.
9
Suppose -6*z + 9*z - 5*x = 1373, -5*x - 5 = 0. What is the greatest common divisor of z and 19?
19
Let h = 18 + -3. Let w(d) = -19*d + 110. Let c be w(5). Calculate the greatest common divisor of c and h.
15
Suppose 604 = g - 2*d - 52, 0 = 2*g + d - 1287. What is the highest common divisor of 34 and g?
34
Let s = -1491 - -1521. Suppose 4*w + 7 + 5 = 0. Let r be (w/(-2))/((-6)/(-40)). Calculate the highest common divisor of r and s.
10
Let c be (2/5)/((-1)/(-10)). Let x(f) = 2*f + 2. Let d be x(c). Let j be 285/d - 3/6. Calculate the highest common divisor of j and 224.
28
Suppose 35*q - 772 = 138. Suppose 130 = -0*r + 5*r. Calculate the greatest common factor of r and q.
26
Suppose -9*c + 79 = -5*c - 5*v, 0 = -5*c - 5*v + 110. What is the highest common divisor of 189 and c?
21
Let q(g) = -7*g + 59. Let h be q(7). Let f(v) = v**2 - 5*v + 4. Let i be f(-6). Calculate the greatest common divisor of h and i.
10
Let d(a) = 30*a**2 - 8*a - 11. Let w be d(-2). Suppose 0 